{"id":99,"date":"2023-11-06T10:47:30","date_gmt":"2023-11-06T09:47:30","guid":{"rendered":"https:\/\/forms.lvg-afs.de\/forms\/?page_id=99"},"modified":"2024-06-14T09:21:02","modified_gmt":"2024-06-14T07:21:02","slug":"grafik","status":"publish","type":"page","link":"https:\/\/forms.lvg-afs.de\/forms\/?page_id=99","title":{"rendered":"Grafik"},"content":{"rendered":"\n<p class=\"has-text-color has-normal-font-size\" style=\"color:#5d5d5d\">Dieses Formular dient der Einreichung von Auftr\u00e4gen und Anfragen an die Grafik der LVG &amp; AFS Nds. HB e. V.<\/p>\n\n\n\n<p class=\"has-text-color has-normal-font-size\" style=\"color:#5d5d5d\">Bitte f\u00fcllt es gewissenhaft und vollst\u00e4ndig aus, so k\u00f6nnen wir eure Anfragen l\u00fcckenlos und schnell erstellen und eure R\u00fcckfragen direkt beantworten.<\/p>\n\n\n\n<p class=\"has-background-color has-accent-background-color has-text-color has-background\"><strong>Bitte versichert euch, dass eure Auftrags-Inhalte so final wie nur M\u00f6glich sind.<\/strong><\/p>\n\n\n\n<div class=\"forminator-guttenberg\"><\/div>\n\n\n\n<div class=\"wp-block-columns is-layout-flex wp-container-core-columns-is-layout-9d6595d7 wp-block-columns-is-layout-flex\">\n<div class=\"wp-block-column is-vertically-aligned-top is-layout-flow wp-block-column-is-layout-flow\" style=\"flex-basis:100%\">\n<div class=\"wp-block-columns are-vertically-aligned-top is-layout-flex wp-container-core-columns-is-layout-9d6595d7 wp-block-columns-is-layout-flex\">\n<div class=\"wp-block-column is-vertically-aligned-top is-layout-flow wp-block-column-is-layout-flow\" style=\"flex-basis:100%\">\n<div class=\"wp-block-columns is-layout-flex wp-container-core-columns-is-layout-9d6595d7 wp-block-columns-is-layout-flex\">\n<div class=\"wp-block-column is-layout-flow wp-block-column-is-layout-flow\" style=\"flex-basis:100%\"><\/div>\n<\/div>\n<\/div>\n<\/div>\n<\/div>\n<\/div>\n","protected":false},"excerpt":{"rendered":"<p>Dieses Formular dient der Einreichung von Auftr\u00e4gen und Anfragen an die Grafik der LVG &amp; AFS Nds. HB e. V. Bitte f\u00fcllt es gewissenhaft und vollst\u00e4ndig aus, so k\u00f6nnen wir eure Anfragen l\u00fcckenlos und schnell erstellen und eure R\u00fcckfragen direkt beantworten. Bitte versichert euch, dass eure Auftrags-Inhalte so final wie nur M\u00f6glich sind.<\/p>\n","protected":false},"author":1,"featured_media":0,"parent":0,"menu_order":0,"comment_status":"closed","ping_status":"closed","template":"templates\/template-full-width.php","meta":{"footnotes":""},"class_list":["post-99","page","type-page","status-publish","hentry"],"_links":{"self":[{"href":"https:\/\/forms.lvg-afs.de\/forms\/index.php?rest_route=\/wp\/v2\/pages\/99","targetHints":{"allow":["GET"]}}],"collection":[{"href":"https:\/\/forms.lvg-afs.de\/forms\/index.php?rest_route=\/wp\/v2\/pages"}],"about":[{"href":"https:\/\/forms.lvg-afs.de\/forms\/index.php?rest_route=\/wp\/v2\/types\/page"}],"author":[{"embeddable":true,"href":"https:\/\/forms.lvg-afs.de\/forms\/index.php?rest_route=\/wp\/v2\/users\/1"}],"replies":[{"embeddable":true,"href":"https:\/\/forms.lvg-afs.de\/forms\/index.php?rest_route=%2Fwp%2Fv2%2Fcomments&post=99"}],"version-history":[{"count":31,"href":"https:\/\/forms.lvg-afs.de\/forms\/index.php?rest_route=\/wp\/v2\/pages\/99\/revisions"}],"predecessor-version":[{"id":1098,"href":"https:\/\/forms.lvg-afs.de\/forms\/index.php?rest_route=\/wp\/v2\/pages\/99\/revisions\/1098"}],"wp:attachment":[{"href":"https:\/\/forms.lvg-afs.de\/forms\/index.php?rest_route=%2Fwp%2Fv2%2Fmedia&parent=99"}],"curies":[{"name":"wp","href":"https:\/\/api.w.org\/{rel}","templated":true}]}}